n - 5. Let r(g) = 2*f(g) + 7*y(g). Determine r(6).
-7
Let j(t) = t**3 - 3*t**2 + 3*t - 3. Suppose 3*u - 4*s = 22, -5*s = 3*u - 6*u + 26. What is j(u)?
-1
Suppose -2*o + o - 5 = 0, -2*o - 5 = u. Let p be (1/(-1))/((-2)/6). Let b(r) = -2*r - r**3 + 3 + 0*r**2 + p*r**2 + 3 + 2*r**2. What is b(u)?
-4
Let m be -5 + 2/(-6)*3. Let t(u) = 2*u**3 + 12*u**2 - u - 2. Let v be t(m). Let z(h) = h**3 - 3*h**2 - 5*h + 2. What is z(v)?
-2
Let i be 28/(-8) + (-6)/(-4) + 3. Let z(w) = -w**2 - w + 1. Let p(q) = -15*q**3 + q**2 + 3*q - 3. Let j(m) = i*p(m) + 2*z(m). What is j(1)?
-16
Suppose -2*k = -4*o + 18, 0 = 5*o - k - 3*k - 15. Let c(j) = j**2 - j. Let w(m) = 7*m**2 - 12*m + 1. Let t(u) = 6*c(u) - w(u). Calculate t(o).
-8
Let a(s) be the first derivative of s**2 - 7*s + 240. Determine a(8).
9
Let q(m) = -m**3 + 8*m**2 - m + 10. Let s be q(8). Suppose -12 = s*o - 4*o. Let y(h) = 3 - o*h - 2 + h**2 - 5. Determine y(6).
-4
Let n(k) = -2*k + 28. Let q be n(7). Let s(h) = -h + q - 10 - 8. What is s(0)?
-4
Let n(s) = 14*s - 4. Suppose 5*h - 8 = 2*f - 7, -2 = -f. Determine n(h).
10
Let h(g) = -7*g. Let o(a) = -20*a - 2. Let w(y) = -11*h(y) + 4*o(y). Determine w(-10).
22
Let f be (-1 + -3)*76/8. Let k = -16 - f. Let z(o) = 1 + k*o - 10*o - 2. Calculate z(1).
11
Let m(d) = -d**2 + 4*d. Let u = 511 + -507. Determine m(u).
0
Let m be 6/(-4) - ((-28)/(-8))/7. Let i(u) = 5*u + 5. What is i(m)?
-5
Let h(s) = 95*s + 14. Let r(g) = 16*g. Let a(u) = h(u) - 6*r(u). Suppose d = 5 + 2. Determine a(d).
7
Let h(x) be the second derivative of -1/6*x**3 + 9*x - 7/20*x**5 + 1/2*x**2 + 0 + 1/12*x**4. What is h(1)?
-6
Let y = 163 + -164. Let m(u) = 22*u + 3. Determine m(y).
-19
Let o(m) be the third derivative of -m**5/20 - m**4/24 + m**3/6 + 3*m**2 - 10. Calculate o(1).
-3
Suppose -71*f + 76*f + 35 = 0. Let o(h) = h**3 + 8*h**2 + 7*h + 5. Give o(f).
5
Suppose 7*i - 4*i = 12, 3*w + i - 22 = 0. Let k(m) = 4*m - 24. What is k(w)?
0
Let f(j) = -20*j - 229. Let t(u) = -13*u - 143. Let k(c) = -5*f(c) + 8*t(c). Let y(s) = 2*s**2 + 2*s + 1. Let d be y(-1). Determine k(d).
-3
Let y(o) = o**2 + 11*o + 5. Suppose -177 = 37*u + 230. What is y(u)?
5
Let x = 8 - 3. Suppose -5 = -3*p + g + 3*g, 0 = 4*p - x*g - 5. Let c(u) be the first derivative of u**2 + 376. Give c(p).
-10
Suppose o - 19*o = 90. Let g(v) = 1 + 6*v**2 - 5*v**2 + 5*v + 1. Calculate g(o).
2
Suppose g - 6*g = 10. Suppose 59 = 4*x - 3*s, -100 = -0*x - 5*x - 5*s. Let v(y) = 18*y**2 - x*y**2 + 0 + 2*y - 1. Determine v(g).
-1
Let t(j) = 6*j**3 + j**2 - 1. Let q = 199 + -198. Determine t(q).
6
Let m(x) = 5*x**3 + 3*x**2 - 9*x - 6. Let l(t) be the second derivative of -t**5/20 + t**4/12 + t**2/2 + 19*t. Let z(a) = -6*l(a) - m(a). What is z(8)?
8
Let d(j) = 15*j**2 + 2*j + 17. Let t(x) = 26*x**2 + 3*x + 30. Let p(a) = -7*d(a) + 4*t(a). What is p(-4)?
-7
Let r(h) = -110*h + 330*h - 106*h - 115*h. Let w be ((-1)/(-2) - -2)*2. Give r(w).
-5
Let f(r) be the third derivative of r**6/120 - r**5/60 - 5*r**4/24 - r**3/6 - r**2. Let q be f(3). Let z(u) = -u - u**q + 10 - 10. Give z(0).
0
Let h(s) = -s**3 - s**2 + 4*s - 9. Let k be h(-3). Let i(b) = b + 9. Give i(k).
6
Suppose -17 = -4*f + 3. Suppose 0*z - 4*h + 12 = -2*z, -3*z + 2*h - 2 = 0. Let s(l) = -2*l + z*l - f*l - l. Give s(-1).
6
Let v(i) = -7*i + 1. Let l be ((-54)/15 + 4)/((-2)/20). Let q(y) = -y**3 - 5*y**2 - 3*y + 3. Let r be q(l). Give v(r).
8
Let u(n) = 5*n**3 + 19*n**2 - 2*n + 26. Let q(l) = l**3 + 3*l - 1. Let h(v) = -6*q(v) + u(v). Determine h(18).
-4
Let q(o) = -5*o - 1. Suppose 0 = 6*w - 25 + 37. Give q(w).
9
Let q(f) = -f**2 + 1. Let c(u) = -2*u**2 + 6*u + 3. Let w(r) = -c(r) + 3*q(r). Suppose -80*l - 220 = 260. Calculate w(l).
0
Suppose -4*k + 3*k = -8. Let n(s) be the first derivative of -s**4/12 + 3*s**3/2 - 4*s**2 + 33*s - 36. Let m(y) be the first derivative of n(y). Calculate m(k).
0
Let u be 2/10*-4*(-125)/50. Let n(v) = -1 + 3*v**2 - 2*v**2 - 1 + v**3 - 4*v**2 + 2*v. Give n(u).
-2
Suppose -2*o + 4*k + 146 = -o, 247 = 2*o + k. Let r(w) = -3 + 60*w - o*w + 69*w. Determine r(3).
6
Let j(z) be the first derivative of z**4/4 - 5*z**3 + 6*z**2 - 305. Give j(14).
-28
Let m(a) = 4*a + 4*a**2 - 8*a + 14*a**3 - 8*a**3 + 3 - 5*a**3. Give m(-4).
19
Let h(a) be the second derivative of 0 + 4/3*a**3 - 1/2*a**2 - 2*a. Calculate h(1).
7
Let z(k) = 6 - 3*k**2 - 3*k + 3*k - 4*k + 2*k. Calculate z(-3).
-15
Let y(p) = -3*p - 26. Let s be y(-15). Let l be 1*(s + 2)/3. Let n(z) be the second derivative of z**3/6 - 5*z**2 - z. Give n(l).
-3
Let q(v) be the second derivative of 5/2*v**2 - 9*v + 0 - 2/3*v**3. Give q(-4).
21
Let s(b) = 4*b**3 - 8*b**2 + 7. Let y(g) = -4*g**3 + 7*g**2 - 6. Let j(f) = -5*s(f) - 6*y(f). Let d(p) = -2*p - 4. Let r be d(-14). Let x = 25 - r. Give j(x).
3
Let r(q) = 2*q**3 - 4*q**2 + q. Let n be r(2). Let x(g) = -7 - 3*g**2 - n*g**3 - 6*g + g**3 + 1 + 9*g**2. Suppose -k = 4*k - 25. Determine x(k).
-11
Let t(n) = 6*n + 4 + n + 6 - 12. What is t(4)?
26
Let b be -7 + (24/2)/3. Let x(u) = -5*u - 9. Let j be x(b). Let k(r) = 7*r + 0 - r**2 - 4 + 0. Determine k(j).
2
Let m(q) = q**2 - q + 46. Let x = -495 - -495. What is m(x)?
46
Let o(a) = -4*a - 10. Let q be o(-3). Let w(p) = 7*p**3 - 9*p**2 - 3*p - 4. Let y(z) = 3*z**3 - 4*z**2 - z - 2. Let d(k) = -2*w(k) + 5*y(k). Give d(q).
0
Let r(k) be the first derivative of -5*k**3/3 - 2*k**2 + k + 2. Let m(j) = -4*j**2 - 4*j. Let d(i) = -3*m(i) + 2*r(i). Determine d(-3).
8
Let y(z) = -z**2 - 7*z + 1. Let a(r) = -r**2 - 6*r. Let m(x) = -4*a(x) + 3*y(x). Let i be m(-2). Let d(c) = 2*c**3 + c**2 - 1. What is d(i)?
2
Suppose 0 = -3*n + m - 6*m + 40, 0 = 4*n - 4*m. Let u(x) = n*x**2 + 7*x - 1 - 6*x + 0 + 2. Let v(p) = -p**3 - 5*p**2 - 5*p - 5. Let w be v(-4). Calculate u(w).
5
Let z(a) be the first derivative of -a**2/2 + 17*a - 4. Let v be z(12). Let y(o) = -o**3 - 3*o**2 - v + 7 + 2*o**3. What is y(2)?
-2
Let q(o) = 1 + 9*o - 6*o + 2 - 1. Let r = 8 - 10. Give q(r).
-4
Let t be 10/((4 - 4) + 1). Let a(p) = 29 - p - t - 16. Let q = 2 - 2. Determine a(q).
3
Let j(s) = -3*s + 4. Let q(f) = -f + 1. Let b(p) = -3*j(p) + 6*q(p). Suppose -3*o + 150 = -2*k - 6*o, 4*k = 3*o - 282. Let h = k - -76. What is b(h)?
6
Let k = -11 - -19. Let f(l) = -4 - 5 - 5*l**3 + k. Give f(-1).
4
Let r = 5 - -3. Suppose 2*x - 3*x + 3*w - r = 0, -3*w = -2*x - 4. Let c(q) be the first derivative of -q**2/2 + 7*q + 1. Determine c(x).
3
Let f(h) be the third derivative of 7*h**2 + 0*h + 1/2*h**3 + 0 + 1/24*h**4. Calculate f(3).
6
Let n(u) = -u**2 - 26*u + 98. Let f be n(-29). Let w(g) = g**2 - 10*g - 2. Calculate w(f).
9
Suppose 0 = -q + r + 15, 4*r - 29 = -4*q - 9. Let w = 8 - q. Let a(x) be the second derivative of -x**5/20 - x**4/4 - x**3/2 - 3*x**2/2 - 31*x. Determine a(w).
-1
Let d be (5/25*15)/(1 - 2). Let p(x) = -x - 6. Calculate p(d).
-3
Let o = 393 + -385. Let n(x) = x - 11. Let u(d) = -d + 12. Let p(q) = -6*n(q) - 5*u(q). Give p(o).
-2
Let q = 0 + -3. Let g(d) be the third derivative of -d**7/2520 - d**6/240 + d**5/30 - d**4/6 + 6*d**2. Let n(a) be the second derivative of g(a). Give n(q).
4
Let p(m) be the first derivative of -m**5/20 - 5*m**4/12 - 2*m**3/3 + 3*m**2/2 + 5*m + 8. Let s(j) be the first derivative of p(j). What is s(-4)?
3
Let k(t) = -14*t**3. Let y(w) = -6*w**2 - 37*w - 7. Let a(p) = -5*p**2 - 3*p - 4. Let b be a(-1). Let i be y(b). What is k(i)?
14
Suppose -80 = -31*h + 26*h. Let z be h/(-28)*28/8. Let r(c) = -3*c**2 - 4*c - 2. Calculate r(z).
-6
Let y = -35 - -37. Let f(h) be the second derivative of -h**5/20 + h**4/6 - h**3/6 + h**2 + 2*h - 14. Give f(y).
0
Let g be -1*(4/2 - 4). Let s(f) = -3 - 5*f - f**3 + 4 - 7*f**g - 1. Calculate s(-6).
-6
Suppose 3*w - y = 0, 0*y = 3*y. Let a(r) = w*r - 6 + 0*r + 8*r - 3*r. Give a(6).
24
Suppose 0 = 28*u - 17*u - 55. Let g(s) = 5*s - 25. Determine g(u).
0
Let h(o) = -o - 6. Suppose 0 = 38*j + 652 - 196. Determine h(j).
6
Let z be (324/180)/((-3)/10). Let n(i) = -i**3 - 5*i**2 + 5*i - 4. What is n(z)?
2
Let r(s) be the first derivative of s**5/60 - 5*s**4/24 + s**3 - 5*s**2/2 - 16. Let j(t) be the second derivative of r(t). What is j(5)?
6
Let w(p) = -p**2 - 7*p + 2. Suppose -3 = -2*y + 3. Suppose 2*z - 5*r = 6, y*z + 36 = -z - 2*r. What is w(z)?
2
Let r(z) be the third derivative of -z**4/24 + 7*z